5 - -5. Let u = b - 1. Let t(r) = -3*r. Give t(u).
3
Let w(u) be the second derivative of u**3/6 - 2*u**2 + 3*u. Let g(b) = -b + 4. Let q(p) = -4*g(p) - 3*w(p). Give q(0).
-4
Let k = 8 - 11. Let s be (k/(-5))/(2/10). Let p(b) = b + 3 - 5 - s. Give p(4).
-1
Let o = 4 + -2. Let q(m) = -2 - m - 6 + o + 2*m. Calculate q(6).
0
Let b(h) be the first derivative of -5*h**3/3 + h**2/2 - 3. Calculate b(1).
-4
Let x(m) be the third derivative of -m**4/24 - 13*m**3/6 + 22*m**2. Determine x(0).
-13
Let k(i) = 5*i - 3*i - 2 - i. What is k(8)?
6
Let a(q) = -29*q**2 + 4*q + 5. Let w(y) = 14*y**2 - 2*y - 2. Let o(i) = -i**3 - 6*i**2 + 6*i - 4. Let j be o(-7). Let x(b) = j*a(b) + 7*w(b). Determine x(1).
10
Let f(d) = 4*d + 5. Let y(a) = -a. Let k(s) = -f(s) - 6*y(s). What is k(-4)?
-13
Let b = 5 + -11. Let m(f) = -f - 9. Calculate m(b).
-3
Let d(l) = 6 - l + 0*l + 1. Determine d(6).
1
Let b(u) = u - 4. Let y be b(5). Let c(h) = -4*h**2 - 1 - h**3 + 6*h**2 - y + 2*h. Calculate c(3).
-5
Let d(t) = -t**3 + 5*t**2. Suppose b + 4*i = 5, b - 3*i - 7 + 2 = 0. Calculate d(b).
0
Let b(t) be the second derivative of 7*t**3/6 + 3*t**2/2 - 6*t. Suppose -4*k = -s - 18, -4*s - 4*k + 12 = 4. Calculate b(s).
-11
Let s(x) = 4*x**3 - 3*x**2 - x - 1. Let y(i) = -i**3 - i. Let u(o) = s(o) + 3*y(o). Calculate u(4).
-1
Let b = 57 - 64. Let k(x) = -3*x - 7. Calculate k(b).
14
Let r(w) = w**3 + 3*w**2 - 2*w + 3. Let k(d) = -d**3 + 11*d**2 + d - 14. Let v be k(11). Let o be v/1*8/6. Determine r(o).
-5
Let p be -3*(1 - 4/12). Let v = p + -1. Let m(a) = 2*a + 1. Give m(v).
-5
Suppose -12 = -7*d + 3*d. Let b(p) be the second derivative of -1/6*p**d - 2*p**2 + 0 - p. Calculate b(-3).
-1
Let g = 38 + -37. Let x(t) = -7*t. Give x(g).
-7
Let m(v) = -v**3 + 7*v**2 - v + 9. Let t be m(7). Let h(i) = -6*i + 8 + i**2 - 7 - t*i**2. Calculate h(-4).
9
Suppose -3*d = 2*d. Let y(q) = q**3 + q + 8. Calculate y(d).
8
Let i = -128 - -121. Let w(x) = x**2 + 9*x + 9. Give w(i).
-5
Let t(z) = z**2 - 4*z - 8. Let o = 11 - 7. Suppose -16 + o = -2*l. Let v be t(l). Let f(d) = -4*d + 6. What is f(v)?
-10
Suppose 5*y + 10 = -0*y. Let h be 9/6 - (-3)/(-2). Let z(r) = -r**2 + r + 0*r**2 + h*r**2 - 4*r. What is z(y)?
2
Let b(h) = -h - 2*h - 2 + 0*h**3 - h**3 + 6*h**2. Let j be 3 + (-2 - -33 - -1). Let g be 21/j - 22/(-5). Calculate b(g).
8
Let z(u) = 3*u - 7. Suppose -20 - 5 = -5*b. Suppose b*h = 3*r + 34, -r - 35 = -4*h + 4*r. Determine z(h).
8
Suppose -3*g = -g - 10. Let r = g - 0. Let q(b) = b**3 - 4*b**2 - 6*b + 5. Give q(r).
0
Let p(f) = -f**3 + 3*f**2 + 6*f - 6. Suppose -15*o = -17*o + 8. What is p(o)?
2
Let k = -23 - -28. Let r = 12 - k. Let z(u) = -u - 6. Calculate z(r).
-13
Let s(a) = -3*a**3 + 6*a**2 - 2*a. Let t(p) = 10*p**3 - 19*p**2 + 7*p. Let o(m) = 7*s(m) + 2*t(m). Suppose -2*j = 2*j - 12. What is o(j)?
9
Let f(m) = m**2 - m - 4. Let d = -7 - -10. Give f(d).
2
Let o(w) be the third derivative of -w**8/20160 + w**7/1260 + w**6/720 + w**5/10 + 7*w**2. Let l(s) be the third derivative of o(s). Determine l(4).
1
Let d(k) = -k**2 - 6*k + 4. Let q(o) = -2*o**2 - o - 1. Let j be q(-2). Calculate d(j).
-3
Let t(g) = g**3 + 7*g**2 - 10*g - 11. Let h be 20/6*(-132)/55. Calculate t(h).
5
Suppose -4*j - 20 = -9*j. Let p(l) be the third derivative of -l**6/120 + l**5/15 - l**4/24 + l**3/2 + l**2. Give p(j).
-1
Let z(o) be the first derivative of -1/6*o**3 - 1/12*o**4 + o + 3*o**2 + 2. Let k(d) be the first derivative of z(d). Calculate k(0).
6
Let k be (-2 - 2)/(-12) - (-11)/3. Let y(x) = -x**3 + 3*x**2 - 4*x + 4. Give y(k).
-28
Let b = -4 + 9. Let y = 3 - b. Let w(v) = -2*v - 3 - 5*v - 2*v**2 + 4*v - v**3. Calculate w(y).
3
Let x(b) be the second derivative of b**5/60 - b**4/4 + b**3/6 - b**2 - 3*b. Let p(f) be the first derivative of x(f). What is p(5)?
-4
Let m(r) = r. Let h be m(2). Suppose -3*u - 2 = -o - 7, 0 = -3*o - h*u - 48. Let z = -9 - o. Let n(w) = -w**3 + 4*w**2 + 5*w. Calculate n(z).
0
Let k(s) = s - 10. Let p(u) = u**2 + 2*u + 5*u**2 - 1 - 3*u**2. Let v be p(1). Let c be -2 + 2 + (v - -1). Calculate k(c).
-5
Let v(t) = 7*t + 1. Let i(s) = -5*s + 5. Let f(o) = -o. Let a(q) = -4*f(q) + i(q). Let n be a(6). Determine v(n).
-6
Let y be (-42)/35*10/(-4). Let q(n) = -11 + 6*n + 5*n**2 - 8 - 3*n + n**y + 14. Give q(-4).
-1
Let d be (14/(-21))/(2/(-15)). Let k(r) = -r**2 + 6*r - 2. Determine k(d).
3
Let f(q) be the third derivative of q**6/360 + q**5/15 + q**4/4 + q**3/6 + 2*q**2. Let j(h) be the first derivative of f(h). Let a = -9 - -4. Give j(a).
-9
Let y(b) = b**2 - 7*b. Let c = 11 + -7. Let m be (-6)/(4/(2 - c)). Suppose 0 = 5*u - 3 + 18, m*u = 3*d - 24. Determine y(d).
-10
Let y(g) = -7*g**3 - g**2 + 2*g - 1. Suppose 2*j = -4*m + 6*j, 10 = 4*m - 2*j. Suppose 2*i - 4 = 0, -3*b - 6 = -m*i - 2. Let w = -1 + b. What is y(w)?
-7
Let r(u) be the third derivative of 4/3*u**3 + 1/24*u**4 + 0 + 4*u**2 + 0*u. What is r(0)?
8
Let o(n) be the second derivative of -n**3/6 + 2*n**2 + 17*n. Give o(6).
-2
Let a = -10 + 10. Let j(i) be the second derivative of a - 1/2*i**2 + i + i**3 + 1/12*i**4. Give j(-5).
-6
Let d be (-4)/18 + 172/(-36). Let j(b) = 2*b - 6*b - 3 + 16 + 1. Let i(k) = 3*k - 9. Let q(v) = 7*i(v) + 5*j(v). Calculate q(d).
2
Let z(v) = 4*v**2 + v. Let p = -1 - -1. Suppose p = -4*n, -2*k + 5*n = 4*n - 10. Let i(x) = x**3 - 6*x**2 + 5*x - 1. Let c be i(k). Give z(c).
3
Let h(x) = -7*x**3 + 7*x**2 - 5*x - 5. Let b(j) = 6*j**3 - 7*j**2 + 5*j + 4. Let r(w) = 6*b(w) + 5*h(w). Determine r(6).
-7
Let q(z) = 3*z + 0*z + 0*z. Suppose -2*y + 3*s + 31 = 0, -3*y + 4*s + 74 - 29 = 0. Suppose -3*c = r + 2*c - y, 0 = 2*r + c - 4. Calculate q(r).
3
Let u(r) = -12 + 4*r - 1 - 2*r - 3*r. Let v be (1/(-2))/(6/72). Give u(v).
-7
Let s = 18 - 13. Let q(x) = -x + s - 6 + 3*x - x. Calculate q(3).
2
Suppose o = -5*j + 16, 0*o = 4*j + o - 12. Let w(b) be the first derivative of -1 + b + b**2 - 1/3*b**3. Determine w(j).
-7
Suppose -2*f + 3*m + 10 = -f, -6 = -3*f + m. Let n(x) be the second derivative of -1/2*x**2 + 3*x + 1/4*x**4 + 0*x**3 + 0. Give n(f).
2
Let r(u) = -u + 3. Suppose 0 = -5*s + 3 + 7. Suppose 23 = s*c + 2*k + 3*k, 11 = 5*c - 3*k. What is r(c)?
-1
Let g(o) = 2*o**2 + o + 1. Suppose w = -3, -3*w - 7 = a - w. What is g(a)?
2
Suppose 0 = -l - 0 + 1. Suppose 5*z = 2 - 7. Let f = l + z. Let x(k) = -k**3 - k + 4. What is x(f)?
4
Let n(m) be the first derivative of m**2 + 7. What is n(2)?
4
Let x(g) = 3*g**2 + 4*g - 1. Let o(h) = -7*h**2 - 9*h + 3. Let a(d) = -2*o(d) - 5*x(d). Determine a(2).
-9
Let j(b) = -b**3 + 5*b**2 - 3*b + 2. Suppose 3*g + 4*m - 25 = 0, 1 + 3 = m. Calculate j(g).
11
Let m(d) = d**2 - d + 1. Let i(r) = r**2 + 4*r - 8. Let c be i(-6). Suppose -2*k + c*g = -22, -6 = 4*k - 2*k + 3*g. Let n be -2*(k + 8/(-2)). What is m(n)?
3
Let r(b) be the third derivative of -b**5/30 + b**4/8 - b**3/3 - 3*b**2. What is r(2)?
-4
Let c(q) = 2*q**2 + q. Let t be (-4 - (-35)/10)*-4. What is c(t)?
10
Let t be (-10)/3 + (-4)/6. Let z(l) = -9*l - 37. Let a(f) = 3*f + 13. Let i(b) = 11*a(b) + 4*z(b). Give i(t).
7
Let g(c) = -7*c - 8*c**2 + 3*c - 3 + c**2 + c**3 + 11*c. Calculate g(6).
3
Let d be 14*(2/2)/2. Suppose 0 = 3*x - 4*u - 13, -2*x + 20 = -4*u + d*u. Let n(b) = 1 + x*b - 6*b + 2*b + b**2. Determine n(-4).
5
Let n(a) = -5*a**2 + 17 - 3 + a**3 - 6*a - 12. Determine n(6).
2
Let p(o) = o - 1. Let d(r) = r - 1. Let k(n) = -5*d(n) + 4*p(n). Let f(m) = 2. Let i(t) = -f(t) + k(t). Calculate i(-2).
1
Suppose 4*l - 2*s - 40 = 3*s, s - 16 = -4*l. Let x(i) = -i + 9. Let v(w) = -w + 10. Let n(d) = -3*v(d) + 4*x(d). Calculate n(l).
1
Let s(q) be the third derivative of -q**2 + 2/3*q**3 - 1/24*q**4 + 0*q + 0. Let j be (2 - 3 - -1)/(-1). Determine s(j).
4
Suppose -3*b - 5*s = 27, -6*b - 2*s = -2*b + 22. Let w(h) be the first derivative of -h**3/3 - 3*h**2/2 - 6*h - 34. What is w(b)?
-10
Suppose -4*f - 12 = 3*b, -3*f + 5*b + 16 = 54. Let r(h) = -5 + 26*h - 8*h - 12*h + 15*h**2 - 14*h**2. Give r(f).
-5
Let b(v) = 3 - 2 - v + 1 + 2*v. Suppose -2*f + 12 = -w, 2*w + 3 = 3*f - 16. What is b(f)?
7
Let x(c) = 4*c**3 + c - 1. Let y be x(1). Suppose d - 4*g = 3, -y*d + 2*g - 22 = 3*g. Let w = d - -2. Let v(p) = p**2 + 2*p + 4. Give v(w).
7
Suppose 12*h = 17*h. Let k(c) = c**3 - c**2 + c + 6. What is k(h)?
6
Let c(q) = 1 - 3*q - 2 - 4. S